{"id":5987,"date":"2020-05-23T14:27:46","date_gmt":"2020-05-23T12:27:46","guid":{"rendered":"https:\/\/www.racc.es\/microsites\/?page_id=5987"},"modified":"2020-06-08T12:30:39","modified_gmt":"2020-06-08T10:30:39","slug":"hoja-de-rescate","status":"publish","type":"page","link":"https:\/\/www.racc.es\/microsites\/hoja-de-rescate-racc\/","title":{"rendered":"Hoja de rescate"},"content":{"rendered":"<p><div class=\"fusion-fullwidth fullwidth-box fusion-builder-row-1 fusion-parallax-none flex-verticaly-centered nonhundred-percent-fullwidth non-hundred-percent-height-scrolling\" style=\"--awb-border-radius-top-left:0px;--awb-border-radius-top-right:0px;--awb-border-radius-bottom-right:0px;--awb-border-radius-bottom-left:0px;--awb-padding-top:4%;--awb-padding-bottom:4%;--awb-background-image:url(&quot;https:\/\/www.racc.es\/microsites\/wp-content\/uploads\/2020\/05\/hoja-rescate-overlay-1.jpg&quot;);--awb-background-size:cover;\" ><div class=\"fusion-builder-row fusion-row\"><div class=\"fusion-layout-column fusion_builder_column fusion-builder-column-0 fusion_builder_column_2_3 2_3 fusion-two-third fusion-column-first text-white hero-with-text\" style=\"--awb-bg-size:cover;width:66.666666666667%;width:calc(66.666666666667% - ( ( 4% ) * 0.66666666666667 ) );margin-right: 4%;\"><div class=\"fusion-column-wrapper fusion-column-has-shadow fusion-flex-column-wrapper-legacy\"><div class=\"fusion-text fusion-text-1\"><h1>Hoja de rescate.<br \/>\nAyuda para los que ayudan.<\/h1>\n<p>El tiempo es oro cuando se trata de rescatar a un herido atrapado dentro de un veh\u00edculo despu\u00e9s de un accidente grave. Unos minutos pueden ser la diferencia entre la vida y la muerte.<\/p>\n<\/div><div class=\"fusion-clearfix\"><\/div><\/div><\/div><div class=\"fusion-layout-column fusion_builder_column fusion-builder-column-1 fusion_builder_column_1_3 1_3 fusion-one-third fusion-column-last hero-white-box\" style=\"--awb-bg-size:cover;width:33.333333333333%;width:calc(33.333333333333% - ( ( 4% ) * 0.33333333333333 ) );\"><div class=\"fusion-column-wrapper fusion-column-has-shadow fusion-flex-column-wrapper-legacy\"><div class=\"fusion-text fusion-text-2\"><p style=\"text-align: center;\">\u00bfQuieres la hoja de rescate de tu veh\u00edculo?<\/p>\n<\/div><script type=\"text\/javascript\">\n\/* <![CDATA[ *\/\nvar gform;gform||(document.addEventListener(\"gform_main_scripts_loaded\",function(){gform.scriptsLoaded=!0}),document.addEventListener(\"gform\/theme\/scripts_loaded\",function(){gform.themeScriptsLoaded=!0}),window.addEventListener(\"DOMContentLoaded\",function(){gform.domLoaded=!0}),gform={domLoaded:!1,scriptsLoaded:!1,themeScriptsLoaded:!1,isFormEditor:()=>\"function\"==typeof InitializeEditor,callIfLoaded:function(o){return!(!gform.domLoaded||!gform.scriptsLoaded||!gform.themeScriptsLoaded&&!gform.isFormEditor()||(gform.isFormEditor()&&console.warn(\"The use of gform.initializeOnLoaded() is deprecated in the form editor context and will be removed in Gravity Forms 3.1.\"),o(),0))},initializeOnLoaded:function(o){gform.callIfLoaded(o)||(document.addEventListener(\"gform_main_scripts_loaded\",()=>{gform.scriptsLoaded=!0,gform.callIfLoaded(o)}),document.addEventListener(\"gform\/theme\/scripts_loaded\",()=>{gform.themeScriptsLoaded=!0,gform.callIfLoaded(o)}),window.addEventListener(\"DOMContentLoaded\",()=>{gform.domLoaded=!0,gform.callIfLoaded(o)}))},hooks:{action:{},filter:{}},addAction:function(o,r,e,t){gform.addHook(\"action\",o,r,e,t)},addFilter:function(o,r,e,t){gform.addHook(\"filter\",o,r,e,t)},doAction:function(o){gform.doHook(\"action\",o,arguments)},applyFilters:function(o){return gform.doHook(\"filter\",o,arguments)},removeAction:function(o,r){gform.removeHook(\"action\",o,r)},removeFilter:function(o,r,e){gform.removeHook(\"filter\",o,r,e)},addHook:function(o,r,e,t,n){null==gform.hooks[o][r]&&(gform.hooks[o][r]=[]);var d=gform.hooks[o][r];null==n&&(n=r+\"_\"+d.length),gform.hooks[o][r].push({tag:n,callable:e,priority:t=null==t?10:t})},doHook:function(r,o,e){var t;if(e=Array.prototype.slice.call(e,1),null!=gform.hooks[r][o]&&((o=gform.hooks[r][o]).sort(function(o,r){return o.priority-r.priority}),o.forEach(function(o){\"function\"!=typeof(t=o.callable)&&(t=window[t]),\"action\"==r?t.apply(null,e):e[0]=t.apply(null,e)})),\"filter\"==r)return e[0]},removeHook:function(o,r,t,n){var e;null!=gform.hooks[o][r]&&(e=(e=gform.hooks[o][r]).filter(function(o,r,e){return!!(null!=n&&n!=o.tag||null!=t&&t!=o.priority)}),gform.hooks[o][r]=e)}});\n\/* ]]> *\/\n<\/script>\n\n                <div class='gf_browser_gecko gform_wrapper gform_legacy_markup_wrapper gform-theme--no-framework gf_stylespro_wrapper sp_inherit_wrapper' data-form-theme='legacy' data-form-index='0' id='gform_wrapper_55' ><form method='post' enctype='multipart\/form-data'  id='gform_55' class=' gf_stylespro sp_inherit' action='\/microsites\/wp-json\/wp\/v2\/pages\/5987' data-formid='55' novalidate>\n                        <div class='gform-body gform_body'><ul id='gform_fields_55' class='gform_fields top_label form_sublabel_below description_below validation_below'><li id=\"field_55_5\" class=\"gfield gfield--type-email gfield_contains_required field_sublabel_below gfield--no-description field_description_below hidden_label field_validation_below gfield_visibility_visible\"  ><label class='gfield_label gform-field-label' for='input_55_5'>E-mail<span class=\"gfield_required\"><span class=\"gfield_required gfield_required_asterisk\">*<\/span><\/span><\/label><div class='ginput_container ginput_container_email'>\n                            <input name='input_5' id='input_55_5' type='email' value='' class='large full'   placeholder='E-mail' aria-required=\"true\" aria-invalid=\"false\"  \/>\n                        <\/div><\/li><li id=\"field_55_4\" class=\"gfield gfield--type-consent gfield--type-choice gfield--input-type-consent gfield_contains_required field_sublabel_below gfield--has-description field_description_below field_validation_below gfield_visibility_visible\"  ><label class='gfield_label gform-field-label screen-reader-text gfield_label_before_complex' >El Reial Autom\u00f2bil Club de Catalunya (RACC), como responsable del tratamiento de tus datos, utilizar\u00e1 los datos facilitados para enviarte por correo electr\u00f3nico la informaci\u00f3n que nos has solicitado sobre consejos e informaci\u00f3n \u00fatil relacionados con los productos y servicios que ofrece el RACC. Estos tratamientos los realizaremos en base a tu solicitud. Tus datos no se ceder\u00e1n a terceros salvo obligaci\u00f3n legal. Puedes ejercer derechos de oposici\u00f3n, acceso, rectificaci\u00f3n, supresi\u00f3n, limitaci\u00f3n, portabilidad, revocaci\u00f3n del consentimiento e impugnaci\u00f3n de cualquier decisi\u00f3n basada en el tratamiento automatizado de los datos por correo electr\u00f3nico a dporacc@racc.es. Puedes consultar la pol\u00edtica de protecci\u00f3n de datos del RACC; solicitar informaci\u00f3n por correo electr\u00f3nico: inforacc@racc.es; en nuestras delegaciones: ver oficinas; o por tel\u00e9fono: 900 357 357.<span class=\"gfield_required\"><span class=\"gfield_required gfield_required_asterisk\">*<\/span><\/span><\/label><div class='ginput_container ginput_container_consent'><input name='input_4.1' id='input_55_4_1' type='checkbox' value='1'  aria-describedby=\"gfield_consent_description_55_4\" aria-required=\"true\" aria-invalid=\"false\"   \/> <label class=\"gform-field-label gform-field-label--type-inline gfield_consent_label\" for='input_55_4_1' >Acepto las <a href=\"https:\/\/www.racc.es\/condiciones-de-uso-y-politica-de-privacidad\" target=\"_blank\"> condiciones de uso y la pol\u00edtica de privacidad<\/a> *<\/label><input type='hidden' name='input_4.2' value='Acepto las &lt;a href=&quot;https:\/\/www.racc.es\/condiciones-de-uso-y-politica-de-privacidad&quot; target=&quot;_blank&quot;&gt; condiciones de uso y la pol\u00edtica de privacidad&lt;\/a&gt; *' class='gform_hidden' \/><input type='hidden' name='input_4.3' value='67' class='gform_hidden' \/><\/div><div class='gfield_description gfield_consent_description' id='gfield_consent_description_55_4' tabindex='0'>El Reial Autom\u00f2bil Club de Catalunya (RACC), como responsable del tratamiento de tus datos, utilizar\u00e1 los datos facilitados para enviarte por correo electr\u00f3nico la informaci\u00f3n que nos has solicitado sobre consejos e informaci\u00f3n \u00fatil relacionados con los productos y servicios que ofrece el RACC. Estos tratamientos los realizaremos en base a tu solicitud. Tus datos no se ceder\u00e1n a terceros salvo obligaci\u00f3n legal. Puedes ejercer derechos de oposici\u00f3n, acceso, rectificaci\u00f3n, supresi\u00f3n, limitaci\u00f3n, portabilidad, revocaci\u00f3n del consentimiento e impugnaci\u00f3n de cualquier decisi\u00f3n basada en el tratamiento automatizado de los datos por correo electr\u00f3nico a dporacc@racc.es. Puedes consultar la pol\u00edtica de protecci\u00f3n de datos del RACC; solicitar informaci\u00f3n por correo electr\u00f3nico: inforacc@racc.es; en nuestras delegaciones: ver oficinas; o por tel\u00e9fono: 900 357 357.<\/div><\/li><\/ul><\/div>\n        <div class='gform-footer gform_footer top_label'> <input type='submit' id='gform_submit_button_55' class='gform_button button' onclick='gform.submission.handleButtonClick(this);' data-submission-type='submit' value='\u00a1DESC\u00c1RGATELA AQU\u00cd!'  \/> \n            <input type='hidden' class='gform_hidden' name='gform_submission_method' data-js='gform_submission_method_55' value='postback' \/>\n            <input type='hidden' class='gform_hidden' name='gform_theme' data-js='gform_theme_55' id='gform_theme_55' value='legacy' \/>\n            <input type='hidden' class='gform_hidden' name='gform_style_settings' data-js='gform_style_settings_55' id='gform_style_settings_55' value='[]' \/>\n            <input type='hidden' class='gform_hidden' name='is_submit_55' value='1' \/>\n            <input type='hidden' class='gform_hidden' name='gform_submit' value='55' \/>\n            \n            <input type='hidden' class='gform_hidden' name='gform_currency' data-currency='EUR' value='VqmlnFpL9Tjx8yyBCSXc73X3Eh+qUmx1KLytpJv4VVhuywgNLWJoCzrkFzqQLkzYvKCnOJiZmHJywPJHKAofww\/KRihWNd2KeDJqX6MytrYkTJ4=' \/>\n            <input type='hidden' class='gform_hidden' name='gform_unique_id' value='' \/>\n            <input type='hidden' class='gform_hidden' name='state_55' value='WyJ7XCI0LjFcIjpcIjA3YzRhYjFmZmJkMWFmZGYxNmNhN2U1OTkwNDAxYzU3XCIsXCI0LjJcIjpcIjVlMzk4ZjIzNTBjZTBmZTBkYTZmZmMxMGU1M2I3ZjY1XCIsXCI0LjNcIjpcIjY3MjhjYTJlMjI3NDM2ZGVkZjQ1OGQ2ODdkNDE4OTkwXCJ9IiwiYjM2NWE3NWQ5MWRmNDA5NzgwMTcyZDVlNmM4NzA4ZmYiXQ==' \/>\n            <input type='hidden' autocomplete='off' class='gform_hidden' name='gform_target_page_number_55' id='gform_target_page_number_55' value='0' \/>\n            <input type='hidden' autocomplete='off' class='gform_hidden' name='gform_source_page_number_55' id='gform_source_page_number_55' value='1' \/>\n            <input type='hidden' name='gform_field_values' value='' \/>\n            \n        <\/div>\n                        <\/form>\n                        <\/div><script type=\"text\/javascript\">\n\/* <![CDATA[ *\/\n gform.initializeOnLoaded( function() {gformInitSpinner( 55, 'https:\/\/www.racc.es\/wp-content\/microsites\/wp-content\/plugins\/gravityforms\/images\/spinner.svg', true );jQuery('#gform_ajax_frame_55').on('load',function(){var contents = jQuery(this).contents().find('*').html();var is_postback = contents.indexOf('GF_AJAX_POSTBACK') >= 0;if(!is_postback){return;}var form_content = jQuery(this).contents().find('#gform_wrapper_55');var is_confirmation = jQuery(this).contents().find('#gform_confirmation_wrapper_55').length > 0;var is_redirect = contents.indexOf('gformRedirect(){') >= 0;var is_form = form_content.length > 0 && ! is_redirect && ! is_confirmation;var mt = parseInt(jQuery('html').css('margin-top'), 10) + parseInt(jQuery('body').css('margin-top'), 10) + 100;if(is_form){jQuery('#gform_wrapper_55').html(form_content.html());if(form_content.hasClass('gform_validation_error')){jQuery('#gform_wrapper_55').addClass('gform_validation_error');} else {jQuery('#gform_wrapper_55').removeClass('gform_validation_error');}setTimeout( function() { \/* delay the scroll by 50 milliseconds to fix a bug in chrome *\/  }, 50 );if(window['gformInitDatepicker']) {gformInitDatepicker();}if(window['gformInitPriceFields']) {gformInitPriceFields();}var current_page = jQuery('#gform_source_page_number_55').val();gformInitSpinner( 55, 'https:\/\/www.racc.es\/wp-content\/microsites\/wp-content\/plugins\/gravityforms\/images\/spinner.svg', true );jQuery(document).trigger('gform_page_loaded', [55, current_page]);window['gf_submitting_55'] = false;}else if(!is_redirect){var confirmation_content = jQuery(this).contents().find('.GF_AJAX_POSTBACK').html();if(!confirmation_content){confirmation_content = contents;}jQuery('#gform_wrapper_55').replaceWith(confirmation_content);jQuery(document).trigger('gform_confirmation_loaded', [55]);window['gf_submitting_55'] = false;wp.a11y.speak(jQuery('#gform_confirmation_message_55').text());}else{jQuery('#gform_55').append(contents);if(window['gformRedirect']) {gformRedirect();}}jQuery(document).trigger(\"gform_pre_post_render\", [{ formId: \"55\", currentPage: \"current_page\", abort: function() { this.preventDefault(); } }]);        if (event && event.defaultPrevented) {                return;        }        const gformWrapperDiv = document.getElementById( \"gform_wrapper_55\" );        if ( gformWrapperDiv ) {            const visibilitySpan = document.createElement( \"span\" );            visibilitySpan.id = \"gform_visibility_test_55\";            gformWrapperDiv.insertAdjacentElement( \"afterend\", visibilitySpan );        }        const visibilityTestDiv = document.getElementById( \"gform_visibility_test_55\" );        let postRenderFired = false;        function triggerPostRender() {            if ( postRenderFired ) {                return;            }            postRenderFired = true;            gform.core.triggerPostRenderEvents( 55, current_page );            if ( visibilityTestDiv ) {                visibilityTestDiv.parentNode.removeChild( visibilityTestDiv );            }        }        function debounce( func, wait, immediate ) {            var timeout;            return function() {                var context = this, args = arguments;                var later = function() {                    timeout = null;                    if ( !immediate ) func.apply( context, args );                };                var callNow = immediate && !timeout;                clearTimeout( timeout );                timeout = setTimeout( later, wait );                if ( callNow ) func.apply( context, args );            };        }        const debouncedTriggerPostRender = debounce( function() {            triggerPostRender();        }, 200 );        if ( visibilityTestDiv && visibilityTestDiv.offsetParent === null ) {            const observer = new MutationObserver( ( mutations ) => {                mutations.forEach( ( mutation ) => {                    if ( mutation.type === 'attributes' && visibilityTestDiv.offsetParent !== null ) {                        debouncedTriggerPostRender();                        observer.disconnect();                    }                });            });            observer.observe( document.body, {                attributes: true,                childList: false,                subtree: true,                attributeFilter: [ 'style', 'class' ],            });        } else {            triggerPostRender();        }    } );} ); \n\/* ]]> *\/\n<\/script>\n<div class=\"fusion-clearfix\"><\/div><\/div><\/div><\/div><\/div><div class=\"fusion-fullwidth fullwidth-box fusion-builder-row-2 nonhundred-percent-fullwidth non-hundred-percent-height-scrolling\" style=\"--awb-border-radius-top-left:0px;--awb-border-radius-top-right:0px;--awb-border-radius-bottom-right:0px;--awb-border-radius-bottom-left:0px;\" ><div class=\"fusion-builder-row fusion-row\"><div class=\"fusion-layout-column fusion_builder_column fusion-builder-column-2 fusion_builder_column_1_1 1_1 fusion-one-full fusion-column-first fusion-column-last\" style=\"--awb-bg-size:cover;\"><div class=\"fusion-column-wrapper fusion-column-has-shadow fusion-flex-column-wrapper-legacy\"><div class=\"fusion-text fusion-text-3\"><h2 style=\"text-align: center;\">Un elemento imprescindible dentro de tu veh\u00edculo<\/h2>\n<\/div><div class=\"fusion-clearfix\"><\/div><\/div><\/div><div class=\"fusion-layout-column fusion_builder_column fusion-builder-column-3 fusion_builder_column_1_3 1_3 fusion-one-third fusion-column-first\" style=\"--awb-bg-size:cover;width:33.333333333333%;width:calc(33.333333333333% - ( ( 4% + 4% ) * 0.33333333333333 ) );margin-right: 4%;\"><div class=\"fusion-column-wrapper fusion-column-has-shadow fusion-flex-column-wrapper-legacy\"><div class=\"fusion-image-element fusion-image-align-center in-legacy-container\" style=\"text-align:center;\"><div class=\"imageframe-align-center\"><span class=\" fusion-imageframe imageframe-none imageframe-1 hover-type-none\"><img decoding=\"async\" width=\"119\" height=\"119\" title=\"hoja-de-rescate-racc-QUESTIO\" src=\"https:\/\/www.racc.es\/microsites\/wp-content\/uploads\/2020\/05\/hoja-de-rescate-racc-QUESTIO.png\" alt class=\"img-responsive wp-image-5991\" srcset=\"https:\/\/www.racc.es\/wp-content\/microsites\/wp-content\/uploads\/2020\/05\/hoja-de-rescate-racc-QUESTIO-66x66.png 66w, https:\/\/www.racc.es\/wp-content\/microsites\/wp-content\/uploads\/2020\/05\/hoja-de-rescate-racc-QUESTIO.png 119w\" sizes=\"(max-width: 119px) 100vw, 119px\" \/><\/span><\/div><\/div><div class=\"fusion-sep-clear\"><\/div><div class=\"fusion-separator fusion-full-width-sep\" style=\"margin-left: auto;margin-right: auto;margin-top:20px;width:100%;\"><\/div><div class=\"fusion-sep-clear\"><\/div><div class=\"fusion-text fusion-text-4\"><h4 style=\"text-align: center;\"><strong>\u00bfQu\u00e9 es?<\/strong><\/h4>\n<p style=\"text-align: center;\">La hoja de rescate es una ficha que incorpora toda la <strong>informaci\u00f3n t\u00e9cnica necesaria de un veh\u00edculo<\/strong> para poderlo abrir de manera r\u00e1pida y segura. Tiene un formato est\u00e1ndar, v\u00e1lido para toda Europa.<\/p>\n<\/div><div class=\"fusion-clearfix\"><\/div><\/div><\/div><div class=\"fusion-layout-column fusion_builder_column fusion-builder-column-4 fusion_builder_column_1_3 1_3 fusion-one-third\" style=\"--awb-bg-size:cover;width:33.333333333333%;width:calc(33.333333333333% - ( ( 4% + 4% ) * 0.33333333333333 ) );margin-right: 4%;\"><div class=\"fusion-column-wrapper fusion-column-has-shadow fusion-flex-column-wrapper-legacy\"><div class=\"fusion-image-element fusion-image-align-center in-legacy-container\" style=\"text-align:center;\"><div class=\"imageframe-align-center\"><span class=\" fusion-imageframe imageframe-none imageframe-2 hover-type-none\"><img decoding=\"async\" width=\"121\" height=\"119\" title=\"hoja-de-rescate-racc-MULTIUSOS\" src=\"https:\/\/www.racc.es\/microsites\/wp-content\/uploads\/2020\/05\/hoja-de-rescate-racc-MULTIUSOS.png\" alt class=\"img-responsive wp-image-5995\"\/><\/span><\/div><\/div><div class=\"fusion-sep-clear\"><\/div><div class=\"fusion-separator fusion-full-width-sep\" style=\"margin-left: auto;margin-right: auto;margin-top:20px;width:100%;\"><\/div><div class=\"fusion-sep-clear\"><\/div><div class=\"fusion-text fusion-text-5\"><h4 style=\"text-align: center;\"><strong>\u00bfPara qu\u00e9 sirve?<\/strong><\/h4>\n<p style=\"text-align: center;\">Para que cualquier cuerpo de rescate pueda utilizarlo al llegar al lugar del accidente. Tambi\u00e9n para que el <strong>proceso de liberaci\u00f3n del accidentado sea lo m\u00e1s r\u00e1pido y seguro<\/strong> posible.<\/p>\n<\/div><div class=\"fusion-clearfix\"><\/div><\/div><\/div><div class=\"fusion-layout-column fusion_builder_column fusion-builder-column-5 fusion_builder_column_1_3 1_3 fusion-one-third fusion-column-last\" style=\"--awb-bg-size:cover;width:33.333333333333%;width:calc(33.333333333333% - ( ( 4% + 4% ) * 0.33333333333333 ) );\"><div class=\"fusion-column-wrapper fusion-column-has-shadow fusion-flex-column-wrapper-legacy\"><div class=\"fusion-image-element fusion-image-align-center in-legacy-container\" style=\"text-align:center;\"><div class=\"imageframe-align-center\"><span class=\" fusion-imageframe imageframe-none imageframe-3 hover-type-none\"><img decoding=\"async\" width=\"119\" height=\"118\" title=\"hoja-de-rescate-racc-INSTRUCTIONS\" src=\"https:\/\/www.racc.es\/microsites\/wp-content\/uploads\/2020\/05\/hoja-de-rescate-racc-INSTRUCTIONS.png\" alt class=\"img-responsive wp-image-5993\"\/><\/span><\/div><\/div><div class=\"fusion-sep-clear\"><\/div><div class=\"fusion-separator fusion-full-width-sep\" style=\"margin-left: auto;margin-right: auto;margin-top:20px;width:100%;\"><\/div><div class=\"fusion-sep-clear\"><\/div><div class=\"fusion-text fusion-text-6\"><h4 style=\"text-align: center;\"><strong>\u00bfC\u00f3mo se coloca?<\/strong><\/h4>\n<p style=\"text-align: center;\">La hoja de rescate se pone en el <strong>parasol del asiento del conductor<\/strong>. Adem\u00e1s, hay opci\u00f3n de colocar en el parabrisas un <strong>adhesivo informativo<\/strong>, que indicar\u00e1 que el coche tiene hoja de rescate.<\/p>\n<\/div><div class=\"fusion-clearfix\"><\/div><\/div><\/div><\/div><\/div><div class=\"fusion-fullwidth fullwidth-box fusion-builder-row-3 nonhundred-percent-fullwidth non-hundred-percent-height-scrolling\" style=\"--awb-border-radius-top-left:0px;--awb-border-radius-top-right:0px;--awb-border-radius-bottom-right:0px;--awb-border-radius-bottom-left:0px;\" ><div class=\"fusion-builder-row fusion-row\"><div class=\"fusion-layout-column fusion_builder_column fusion-builder-column-6 fusion_builder_column_1_1 1_1 fusion-one-full fusion-column-first fusion-column-last\" style=\"--awb-bg-size:cover;\"><div class=\"fusion-column-wrapper fusion-column-has-shadow fusion-flex-column-wrapper-legacy\"><div class=\"fusion-video fusion-youtube fusion-aligncenter\" style=\"--awb-max-width:925px;--awb-max-height:520px;--awb-width:100%;\"><div class=\"video-shortcode\"><div class=\"fluid-width-video-wrapper\" style=\"padding-top:56.22%;\" ><iframe title=\"YouTube video player 1\" src=\"https:\/\/www.youtube.com\/embed\/AmFOTkmyAoo?wmode=transparent&autoplay=0\" width=\"925\" height=\"520\" allowfullscreen allow=\"autoplay; fullscreen\"><\/iframe><\/div><\/div><\/div><div class=\"fusion-clearfix\"><\/div><\/div><\/div><\/div><\/div><\/p>\n","protected":false},"excerpt":{"rendered":"","protected":false},"author":12,"featured_media":0,"parent":0,"menu_order":0,"comment_status":"closed","ping_status":"closed","template":"100-width.php","meta":{"footnotes":""},"wf_page_folders":[],"class_list":["post-5987","page","type-page","status-publish","hentry"],"_links":{"self":[{"href":"https:\/\/www.racc.es\/microsites\/wp-json\/wp\/v2\/pages\/5987","targetHints":{"allow":["GET"]}}],"collection":[{"href":"https:\/\/www.racc.es\/microsites\/wp-json\/wp\/v2\/pages"}],"about":[{"href":"https:\/\/www.racc.es\/microsites\/wp-json\/wp\/v2\/types\/page"}],"author":[{"embeddable":true,"href":"https:\/\/www.racc.es\/microsites\/wp-json\/wp\/v2\/users\/12"}],"replies":[{"embeddable":true,"href":"https:\/\/www.racc.es\/microsites\/wp-json\/wp\/v2\/comments?post=5987"}],"version-history":[{"count":0,"href":"https:\/\/www.racc.es\/microsites\/wp-json\/wp\/v2\/pages\/5987\/revisions"}],"wp:attachment":[{"href":"https:\/\/www.racc.es\/microsites\/wp-json\/wp\/v2\/media?parent=5987"}],"wp:term":[{"taxonomy":"wf_page_folders","embeddable":true,"href":"https:\/\/www.racc.es\/microsites\/wp-json\/wp\/v2\/wf_page_folders?post=5987"}],"curies":[{"name":"wp","href":"https:\/\/api.w.org\/{rel}","templated":true}]}}